{"id":249,"date":"2013-03-08T09:18:14","date_gmt":"2013-03-08T12:18:14","guid":{"rendered":"http:\/\/obispadodezaratecampana.org\/?page_id=249"},"modified":"2015-12-09T23:32:56","modified_gmt":"2015-12-10T02:32:56","slug":"obispos","status":"publish","type":"page","link":"https:\/\/obispadodezaratecampana.org\/?page_id=249","title":{"rendered":"Obispos"},"content":{"rendered":"<h3><span style=\"color: #3366ff;\">Nuestro actual Obispo<\/span><\/h3>\n<p><a href=\"http:\/\/obispadodezaratecampana.org\/wp-content\/uploads\/2015\/12\/485558_593194337365144_626174100_n.jpg\"><img fetchpriority=\"high\" decoding=\"async\" class=\"aligncenter wp-image-10908 size-medium\" src=\"http:\/\/obispadodezaratecampana.org\/wp-content\/uploads\/2015\/12\/485558_593194337365144_626174100_n-300x200.jpg\" alt=\"485558_593194337365144_626174100_n\" width=\"300\" height=\"200\" srcset=\"https:\/\/obispadodezaratecampana.org\/wp-content\/uploads\/2015\/12\/485558_593194337365144_626174100_n-300x200.jpg 300w, https:\/\/obispadodezaratecampana.org\/wp-content\/uploads\/2015\/12\/485558_593194337365144_626174100_n.jpg 960w\" sizes=\"(max-width: 300px) 100vw, 300px\" \/><\/a><\/p>\n<p>Pedro Mar\u00eda Laxague, sexto de 19 hermanos, naci\u00f3 en Coronel Pringles, provincia de Buenos Aires, el 4 de septiembre de 1952, de padres de nacionalidad francesa.<\/p>\n<p>Hizo sus estudios primarios y secundarios en el colegio salesiano San Pedro, de Fort\u00edn Mercedes. Obtuvo el t\u00edtulo de bachiller en el colegio Don Bosco, de Bah\u00eda Blanca, y el de ingeniero civil en la Universidad Nacional del Sud, de Bah\u00eda Blanca.<\/p>\n<p>Despu\u00e9s de una estad\u00eda de seis meses en el monasterio benedictino \u201cNotre Dame de Fontgombault, Francia, inici\u00f3 sus estudios eclesi\u00e1sticos en la Pontificia Univesidad Santo Tom\u00e1s de Aquino (Ang\u00e9licum) de Roma, donde obtuvo el t\u00edtulo de bachiller en Filosof\u00eda y en Teolog\u00eda, y en 1991 el de licenciado en Derecho Can\u00f3nico.<\/p>\n<p>Fue ordenado sacerdote el 15 de julio de 1989 en la parroquia Santa Rosa de Lima, de Coronel Pringles, por monse\u00f1or Jorge Mayer, arzobispo de Bah\u00eda Blanca.<\/p>\n<p>Despu\u00e9s de su ordenaci\u00f3n desempe\u00f1\u00f3 diferentes cargos, tanto en la curia arquidiocesana como en la pastoral de la arquidi\u00f3cesis de Bah\u00eda Blanca.<\/p>\n<p>En el a\u00f1o 2000 el papa san Juan Pablo II lo distingui\u00f3 con el t\u00edtulo pontificio de Prelado de Honor de Su Santidad, y el 2 de septiembre de 2004 el arzobispo, monse\u00f1or R\u00f3mulo Garc\u00eda, lo nombr\u00f3 vicario general de la arquidi\u00f3cesis.<\/p>\n<p>El 21 de diciembre de 2006 fue ordenado obispo en un acto multitudinario celebrado en el estadio de b\u00e1squet del Club Villa Mitre, de Bah\u00eda Blanca. Fue obispo consagrante monse\u00f1or Guillermo Jos\u00e9 Garlatti, arzobispo de Bah\u00eda Blanca, y coconsagrantes su hermano monse\u00f1or Esteban Mar\u00eda Laxague SDB, obispo de Viedma; monse\u00f1or N\u00e9stor Hugo Navarro, obispo de Alto Valle del R\u00edo Negro, y el arzobispo em\u00e9rito de Bah\u00eda Blanca, monse\u00f1or Jorge Mayer, que lo hab\u00eda ordenado di\u00e1cono y sacerdote.<\/p>\n<p>Entre la multitud de asistentes se destac\u00f3 la presencia de 120 miembros de su familia: la madre, 18 de sus hermanos (faltaba Genoveva, religiosa carmelita) y dem\u00e1s integrantes de su copiosa familia.<\/p>\n<p>En la Conferencia Episcopal Argentina monse\u00f1or Pedro Laxague es presidente de la Comisi\u00f3n de Apostolado Laico y Pastoral Familiar.<\/p>\n<p>El 19 de diciembre de 2015 tom\u00f3 posesi\u00f3n de la di\u00f3cesis de Z\u00e1rate &#8211; Campana, siendo su obispo titular hasta la actualidad.<\/p>\n<p>&nbsp;<\/p>\n<h3><span style=\"color: #3366ff;\">Nuestro tercer Obispo<\/span><\/h3>\n<p>[image src=&#8221;http:\/\/obispadodezaratecampana.org\/wp-content\/uploads\/2013\/03\/Monssarlinga1.jpg&#8221; width=&#8221;262&#8243; height=&#8221;395&#8243; lightbox=&#8221;yes&#8221; align=&#8221;center&#8221;]<\/p>\n<p>SARLINGA, Oscar. Obispo em\u00e9rito de la di\u00f3cesis de Z\u00e1rate &#8211; Campana<\/p>\n<p>Naci\u00f3 en San Andr\u00e9s de Giles el 20 de mayo de 1963. Como sacerdote\u00a0obtuvo la Licenciatura en Teolog\u00eda con orientaci\u00f3n moral por la Universidad de Fribourg (Suiza), la Licenciatura en Derecho Can\u00f3nico por la Pontificia Universidad de Salamanca (Espa\u00f1a) y a\u00f1os despu\u00e9s el Doctorado en Teolog\u00eda Dogm\u00e1tica por la \u201cPontificia Universit\u00e0 della Santa Croce\u201d, de Roma. Recibe la consagraci\u00f3n episcopal el 17 de mayo de 2<span style=\"color: #252525;\">003, en la Iglesia Catedral Bas\u00edlica de Nuestra Se\u00f1ora de las Mercedes.\u00a0El 3 de febrero de\u00a02006\u00a0el Papa\u00a0Benedicto XVI\u00a0lo nombra obispo diocesano de\u00a0Z\u00e1rate-Campana, cargo al que renuncia el 1 de noviembre de 2015.<\/span><\/p>\n<p>&nbsp;<\/p>\n<h3><span style=\"color: #3366ff;\">Nuestro segundo Obispo<\/span><\/h3>\n<p>[image src=&#8221;http:\/\/obispadodezaratecampana.org\/wp-content\/uploads\/2013\/03\/Monsrey1.jpg&#8221; width=&#8221;262&#8243; height=&#8221;262&#8243; lightbox=&#8221;yes&#8221; align=&#8221;center&#8221;]<\/p>\n<p>REY, Rafael Eleuterio. Obispo em\u00e9rito de Z\u00e1rate-Campana Chiclana 3452CP 5501 . Godoy Cruz, Mendoza.<\/p>\n<p>Naci\u00f3 en Lunlunta, provincia de Mendoza, el 18 de abril de 1933; fue ordenado sacerdote el 20 de diciembre de 1958; elegido obispo titular de Ilta y auxiliar de Mendoza, el 30 de abril de 1983; recibi\u00f3 la ordenaci\u00f3n episcopal el 3 de julio de 1983; trasladado como obispo de Z\u00e1rate-Campana el 18 de diciembre de 1991; tom\u00f3 posesi\u00f3n de esa sede el 21 de marzo de 1991; le fue aceptada la renuncia por razones de salud el 3 de febrero de 2006.<\/p>\n<p>&nbsp;<\/p>\n<h3><span style=\"color: #3366ff;\">Nuestro primer Obispo<\/span><\/h3>\n<p>[image src=&#8221;http:\/\/obispadodezaratecampana.org\/wp-content\/uploads\/2013\/03\/Monsesposito1.jpg&#8221; width=&#8221;262&#8243; height=&#8221;395&#8243; lightbox=&#8221;yes&#8221; align=&#8221;center&#8221;]<\/p>\n<p>ESP\u00d3SITO CASTRO, Alfredo Mario. (Claretiano &#8211; CMF) Naci\u00f3 en N\u00e1poles, Italia, el 20 de mayo de 1927, aunque su nacionalidad es argentina, ya que su padre se desempe\u00f1aba como c\u00f3nsul argentino en N\u00e1poles; fue ordenado sacerdote en la Congregaci\u00f3n de los Misioneros Hijos del Coraz\u00f3n Inmaculado de Mar\u00eda el 1 de agosto de 1954; elegido obispo de Z\u00e1rate-Campana el 21 de abril de 1976; recibi\u00f3 la ordenaci\u00f3n episcopal y tom\u00f3 posesi\u00f3n de esa sede el 4 de julio de 1976; renunci\u00f3 por razones de salud el 18 de diciembre de 1991. Falleci\u00f3 el 1 de enero del 2010<\/p>\n<!-- AddThis Advanced Settings generic via filter on the_content --><!-- AddThis Share Buttons generic via filter on the_content -->","protected":false},"excerpt":{"rendered":"<p>Nuestro actual Obispo Pedro Mar\u00eda Laxague, sexto de 19 hermanos, naci\u00f3 en Coronel Pringles, provincia de Buenos Aires, el 4 de septiembre de 1952, de [&hellip;]<!-- AddThis Advanced Settings generic via filter on get_the_excerpt --><!-- AddThis Share Buttons generic via filter on get_the_excerpt --><\/p>\n","protected":false},"author":1,"featured_media":0,"parent":229,"menu_order":0,"comment_status":"open","ping_status":"open","template":"","meta":{"_mc_calendar":[],"footnotes":""},"class_list":["post-249","page","type-page","status-publish","hentry"],"_links":{"self":[{"href":"https:\/\/obispadodezaratecampana.org\/index.php?rest_route=\/wp\/v2\/pages\/249","targetHints":{"allow":["GET"]}}],"collection":[{"href":"https:\/\/obispadodezaratecampana.org\/index.php?rest_route=\/wp\/v2\/pages"}],"about":[{"href":"https:\/\/obispadodezaratecampana.org\/index.php?rest_route=\/wp\/v2\/types\/page"}],"author":[{"embeddable":true,"href":"https:\/\/obispadodezaratecampana.org\/index.php?rest_route=\/wp\/v2\/users\/1"}],"replies":[{"embeddable":true,"href":"https:\/\/obispadodezaratecampana.org\/index.php?rest_route=%2Fwp%2Fv2%2Fcomments&post=249"}],"version-history":[{"count":3,"href":"https:\/\/obispadodezaratecampana.org\/index.php?rest_route=\/wp\/v2\/pages\/249\/revisions"}],"predecessor-version":[{"id":10933,"href":"https:\/\/obispadodezaratecampana.org\/index.php?rest_route=\/wp\/v2\/pages\/249\/revisions\/10933"}],"up":[{"embeddable":true,"href":"https:\/\/obispadodezaratecampana.org\/index.php?rest_route=\/wp\/v2\/pages\/229"}],"wp:attachment":[{"href":"https:\/\/obispadodezaratecampana.org\/index.php?rest_route=%2Fwp%2Fv2%2Fmedia&parent=249"}],"curies":[{"name":"wp","href":"https:\/\/api.w.org\/{rel}","templated":true}]}}