{"id":16949,"date":"2021-05-13T15:50:02","date_gmt":"2021-05-13T18:50:02","guid":{"rendered":"http:\/\/obispadodezaratecampana.org\/?page_id=16949"},"modified":"2023-05-28T17:21:08","modified_gmt":"2023-05-28T20:21:08","slug":"programa-fe-programa-de-financiamiento-eclesial","status":"publish","type":"page","link":"http:\/\/obispadodezaratecampana.org\/?page_id=16949","title":{"rendered":"Programa FE : Programa de Financiamiento Eclesial"},"content":{"rendered":"\t\t<div data-elementor-type=\"wp-page\" data-elementor-id=\"16949\" class=\"elementor elementor-16949\">\n\t\t\t\t\t\t<section class=\"elementor-section elementor-top-section elementor-element elementor-element-7ae43b43 elementor-section-boxed elementor-section-height-default elementor-section-height-default\" data-id=\"7ae43b43\" data-element_type=\"section\" data-e-type=\"section\">\n\t\t\t\t\t\t<div class=\"elementor-container elementor-column-gap-default\">\n\t\t\t\t\t<div class=\"elementor-column elementor-col-100 elementor-top-column elementor-element elementor-element-26b7b234\" data-id=\"26b7b234\" data-element_type=\"column\" data-e-type=\"column\">\n\t\t\t<div class=\"elementor-widget-wrap elementor-element-populated\">\n\t\t\t\t\t\t<div class=\"elementor-element elementor-element-49518d02 elementor-widget elementor-widget-text-editor\" data-id=\"49518d02\" data-element_type=\"widget\" data-e-type=\"widget\" data-widget_type=\"text-editor.default\">\n\t\t\t\t<div class=\"elementor-widget-container\">\n\t\t\t\t\t\t\t\t\t\n<figure class=\"wp-block-image size-full is-style-default\"><a href=\"http:\/\/obispadodezaratecampana.org\/wp-content\/uploads\/2021\/05\/101036033_135478891449008_5951845346698067968_o.jpg\"><img fetchpriority=\"high\" decoding=\"async\" width=\"1920\" height=\"1080\" class=\"wp-image-16950\" src=\"http:\/\/obispadodezaratecampana.org\/wp-content\/uploads\/2021\/05\/101036033_135478891449008_5951845346698067968_o.jpg\" alt=\"\" srcset=\"http:\/\/obispadodezaratecampana.org\/wp-content\/uploads\/2021\/05\/101036033_135478891449008_5951845346698067968_o.jpg 1920w, http:\/\/obispadodezaratecampana.org\/wp-content\/uploads\/2021\/05\/101036033_135478891449008_5951845346698067968_o-300x169.jpg 300w, http:\/\/obispadodezaratecampana.org\/wp-content\/uploads\/2021\/05\/101036033_135478891449008_5951845346698067968_o-1024x576.jpg 1024w, http:\/\/obispadodezaratecampana.org\/wp-content\/uploads\/2021\/05\/101036033_135478891449008_5951845346698067968_o-768x432.jpg 768w, http:\/\/obispadodezaratecampana.org\/wp-content\/uploads\/2021\/05\/101036033_135478891449008_5951845346698067968_o-1536x864.jpg 1536w\" sizes=\"(max-width: 1920px) 100vw, 1920px\" \/><\/a><\/figure>\n\n<p class=\"has-text-color\" style=\"color: #993300;\"><span style=\"color: #000000;\">La donaci\u00f3n es la expresi\u00f3n de un v\u00ednculo, una muestra de Fe de quienes apoyan, acompa\u00f1an y colaboran con la misi\u00f3n de la Iglesia y con la sociedad en su conjunto.<\/span><br \/><br \/><span style=\"color: #000000;\">Pod\u00e9s destinar tu contribuci\u00f3n a la misi\u00f3n de la Iglesia Argentina, a una di\u00f3cesis o a una parroquia en particular. Son s\u00f3lo cuatro pasos y se puede realizar desde cualquier dispositivo.<\/span><br \/><br \/><strong><span style=\"color: #000000;\">Sumate a\u00a0<a style=\"color: #000000;\" href=\"https:\/\/www.facebook.com\/hashtag\/programafe?__eep__=6&amp;__cft__[0]=AZXXRuAKoqgQ3FFAZjSKudRm39enlGfLtdc6dgr9i76-SYE-PQQEhvufW8SbllC5Lqa4-n8QivB0gBYA3ZOLLobhWqcR5tOMKqr0Cny2J26FtNsvdTQaL6Rx99ay9JUHAsdAF0w94RVdKXfOo1_aGphBGkHnkQoxN3kxW2igrXN54guBgGagJZ1V24n0gwnGgOiaau1CaqDohNp3dSb9Ie3JLQdu-jXsribbiog3_0IfLV2E_93ciHBiiHluWBhF_js&amp;__tn__=*NK*F\">#ProgramaFE<\/a>\u00a0y hac\u00e9 tu donaci\u00f3n \u2192\u00a0<\/span><a href=\"https:\/\/l.facebook.com\/l.php?u=http%3A%2F%2Fprogramafe.org%2Fdonar%3Ffbclid%3DIwAR3CIHtgRGrB_uSOoqSdvsHBgPQzfzOAwm8qajaVgq4ZK9b0uyR7_xg5H3E&amp;h=AT3PD7l8Kgk9zFCMdLnF1KBmu2_DWOvNb5QPeJo51CoiMTWS57LaMKicZKO-K150vn07pwEK1oVUXw_IKR57R0I_czfUPX4E_Fk_OjOnLRoGWhMCY9hps-XbAd33NFLY6Rji&amp;__tn__=-UK*F&amp;c[0]=AT17BpXDNiuVZvU6NGqBacTdglBWL4AuYq1IuksssHLohX-JtqHgkL4qR6Kee5PeRkkWoHCsoxcBxI9dCsu3YnsegFrKxc1goduaUAHwoFGtU0svIEW31bhx65Xfwra_EAF7c8yZMZrE6Zj1OO_F4_hBaML8C28bET1MWAIy-5Rj5ZKWnTAohuFqe2LJKAUA5xvxJETDxtI_wPB8eXpgEq8-Vl-2XEfG5FN9ZBdXIiqcGobKE97juQU7F_9qFMpVNqOgHco\" target=\"_blank\" rel=\"noreferrer noopener\"><span style=\"color: #000000;\">programafe.org\/donar<\/span><\/a><\/strong><\/p>\n\n<figure class=\"wp-block-image size-large\"><a href=\"http:\/\/obispadodezaratecampana.org\/wp-content\/uploads\/2013\/02\/programa-fe1.jpg\"><img decoding=\"async\" class=\"wp-image-16646\" src=\"http:\/\/obispadodezaratecampana.org\/wp-content\/uploads\/2013\/02\/programa-fe1.jpg\" alt=\"\" \/><\/a><\/figure>\n\t\t\t\t\t\t\t\t<\/div>\n\t\t\t\t<\/div>\n\t\t\t\t\t<\/div>\n\t\t<\/div>\n\t\t\t\t\t<\/div>\n\t\t<\/section>\n\t\t\t\t<\/div>\n\t\t<!-- AddThis Advanced Settings generic via filter on the_content --><!-- AddThis Share Buttons generic via filter on the_content -->","protected":false},"excerpt":{"rendered":"<p>La donaci\u00f3n es la expresi\u00f3n de un v\u00ednculo, una muestra de Fe de quienes apoyan, acompa\u00f1an y colaboran con la misi\u00f3n de la Iglesia y [&hellip;]<!-- AddThis Advanced Settings generic via filter on get_the_excerpt --><!-- AddThis Share Buttons generic via filter on get_the_excerpt --><\/p>\n","protected":false},"author":2,"featured_media":0,"parent":0,"menu_order":0,"comment_status":"closed","ping_status":"closed","template":"","meta":{"_mc_calendar":[],"footnotes":""},"class_list":["post-16949","page","type-page","status-publish","hentry"],"_links":{"self":[{"href":"http:\/\/obispadodezaratecampana.org\/index.php?rest_route=\/wp\/v2\/pages\/16949","targetHints":{"allow":["GET"]}}],"collection":[{"href":"http:\/\/obispadodezaratecampana.org\/index.php?rest_route=\/wp\/v2\/pages"}],"about":[{"href":"http:\/\/obispadodezaratecampana.org\/index.php?rest_route=\/wp\/v2\/types\/page"}],"author":[{"embeddable":true,"href":"http:\/\/obispadodezaratecampana.org\/index.php?rest_route=\/wp\/v2\/users\/2"}],"replies":[{"embeddable":true,"href":"http:\/\/obispadodezaratecampana.org\/index.php?rest_route=%2Fwp%2Fv2%2Fcomments&post=16949"}],"version-history":[{"count":7,"href":"http:\/\/obispadodezaratecampana.org\/index.php?rest_route=\/wp\/v2\/pages\/16949\/revisions"}],"predecessor-version":[{"id":17184,"href":"http:\/\/obispadodezaratecampana.org\/index.php?rest_route=\/wp\/v2\/pages\/16949\/revisions\/17184"}],"wp:attachment":[{"href":"http:\/\/obispadodezaratecampana.org\/index.php?rest_route=%2Fwp%2Fv2%2Fmedia&parent=16949"}],"curies":[{"name":"wp","href":"https:\/\/api.w.org\/{rel}","templated":true}]}}

<div data-elementor-type="wp-page" data-elementor-id="16949" class="elementor elementor-16949">
						<section class="elementor-section elementor-top-section elementor-element elementor-element-7ae43b43 elementor-section-boxed elementor-section-height-default elementor-section-height-default" data-id="7ae43b43" data-element_type="section" data-e-type="section">
						<div class="elementor-container elementor-column-gap-default">
					<div class="elementor-column elementor-col-100 elementor-top-column elementor-element elementor-element-26b7b234" data-id="26b7b234" data-element_type="column" data-e-type="column">
			<div class="elementor-widget-wrap elementor-element-populated">
						<div class="elementor-element elementor-element-49518d02 elementor-widget elementor-widget-text-editor" data-id="49518d02" data-element_type="widget" data-e-type="widget" data-widget_type="text-editor.default">
				<div class="elementor-widget-container">
									
<figure class="wp-block-image size-full is-style-default"><a href="http://obispadodezaratecampana.org/wp-content/uploads/2021/05/101036033_135478891449008_5951845346698067968_o.jpg"><img fetchpriority="high" decoding="async" width="1920" height="1080" class="wp-image-16950" src="http://obispadodezaratecampana.org/wp-content/uploads/2021/05/101036033_135478891449008_5951845346698067968_o.jpg" alt="" srcset="http://obispadodezaratecampana.org/wp-content/uploads/2021/05/101036033_135478891449008_5951845346698067968_o.jpg 1920w, http://obispadodezaratecampana.org/wp-content/uploads/2021/05/101036033_135478891449008_5951845346698067968_o-300x169.jpg 300w, http://obispadodezaratecampana.org/wp-content/uploads/2021/05/101036033_135478891449008_5951845346698067968_o-1024x576.jpg 1024w, http://obispadodezaratecampana.org/wp-content/uploads/2021/05/101036033_135478891449008_5951845346698067968_o-768x432.jpg 768w, http://obispadodezaratecampana.org/wp-content/uploads/2021/05/101036033_135478891449008_5951845346698067968_o-1536x864.jpg 1536w" sizes="(max-width: 1920px) 100vw, 1920px" /></a></figure>

<p class="has-text-color" style="color: #993300;"><span style="color: #000000;">La donación es la expresión de un vínculo, una muestra de Fe de quienes apoyan, acompañan y colaboran con la misión de la Iglesia y con la sociedad en su conjunto.</span><br /><br /><span style="color: #000000;">Podés destinar tu contribución a la misión de la Iglesia Argentina, a una diócesis o a una parroquia en particular. Son sólo cuatro pasos y se puede realizar desde cualquier dispositivo.</span><br /><br /><strong><span style="color: #000000;">Sumate a <a style="color: #000000;" href="https://www.facebook.com/hashtag/programafe?__eep__=6&amp;__cft__[0]=AZXXRuAKoqgQ3FFAZjSKudRm39enlGfLtdc6dgr9i76-SYE-PQQEhvufW8SbllC5Lqa4-n8QivB0gBYA3ZOLLobhWqcR5tOMKqr0Cny2J26FtNsvdTQaL6Rx99ay9JUHAsdAF0w94RVdKXfOo1_aGphBGkHnkQoxN3kxW2igrXN54guBgGagJZ1V24n0gwnGgOiaau1CaqDohNp3dSb9Ie3JLQdu-jXsribbiog3_0IfLV2E_93ciHBiiHluWBhF_js&amp;__tn__=*NK*F">#ProgramaFE</a> y hacé tu donación → </span><a href="https://l.facebook.com/l.php?u=http%3A%2F%2Fprogramafe.org%2Fdonar%3Ffbclid%3DIwAR3CIHtgRGrB_uSOoqSdvsHBgPQzfzOAwm8qajaVgq4ZK9b0uyR7_xg5H3E&amp;h=AT3PD7l8Kgk9zFCMdLnF1KBmu2_DWOvNb5QPeJo51CoiMTWS57LaMKicZKO-K150vn07pwEK1oVUXw_IKR57R0I_czfUPX4E_Fk_OjOnLRoGWhMCY9hps-XbAd33NFLY6Rji&amp;__tn__=-UK*F&amp;c[0]=AT17BpXDNiuVZvU6NGqBacTdglBWL4AuYq1IuksssHLohX-JtqHgkL4qR6Kee5PeRkkWoHCsoxcBxI9dCsu3YnsegFrKxc1goduaUAHwoFGtU0svIEW31bhx65Xfwra_EAF7c8yZMZrE6Zj1OO_F4_hBaML8C28bET1MWAIy-5Rj5ZKWnTAohuFqe2LJKAUA5xvxJETDxtI_wPB8eXpgEq8-Vl-2XEfG5FN9ZBdXIiqcGobKE97juQU7F_9qFMpVNqOgHco" target="_blank" rel="noreferrer noopener"><span style="color: #000000;">programafe.org/donar</span></a></strong></p>

<figure class="wp-block-image size-large"><a href="http://obispadodezaratecampana.org/wp-content/uploads/2013/02/programa-fe1.jpg"><img decoding="async" class="wp-image-16646" src="http://obispadodezaratecampana.org/wp-content/uploads/2013/02/programa-fe1.jpg" alt="" /></a></figure>
								</div>
				</div>
					</div>
		</div>
					</div>
		</section>
				</div>
		<!-- AddThis Advanced Settings generic via filter on the_content --><!-- AddThis Share Buttons generic via filter on the_content -->

<p>La donación es la expresión de un vínculo, una muestra de Fe de quienes apoyan, acompañan y colaboran con la misión de la Iglesia y [&hellip;]<!-- AddThis Advanced Settings generic via filter on get_the_excerpt --><!-- AddThis Share Buttons generic via filter on get_the_excerpt --></p>
